
Let x(o) = 53*o - 351. Calculate the remainder when 1 - -2 - (-801 + 3)/7 is divided by x(7).
17
What is the remainder when 637 is divided by 53/(189/(-18) + 11)?
1
Suppose 29*c - 28*c = -i + 13, -3*c + 9*i - 33 = 0. Calculate the remainder when 495 is divided by c.
5
Let u be 1/3*3*-425. Let f = 434 + u. What is the remainder when 103 is divided by f?
4
Calculate the remainder when 757 is divided by 272/(-68) + 80/1.
73
Suppose 2*s + 2*v - 34 = 4, 0 = 3*s - 4*v - 22. Calculate the remainder when 126/s - (-18)/3 is divided by 9.
6
Suppose 3*n + s + 4*s = 137, -2*s = -5*n + 249. What is the remainder when (-45)/(-27) + (-8600)/(-60) is divided by n?
47
Let n(q) = 2*q**3 + q**2 - q - 2. Let c be n(1). Suppose 12*g + 1303 - 3427 = c. What is the remainder when g is divided by 90?
87
Let f = -11976 + 13089. What is the remainder when f is divided by 145?
98
Let v = 3190 - 3175. Calculate the remainder when 149 is divided by v.
14
Suppose -54*b + 130*b = 65*b + 231. Calculate the remainder when 2160 is divided by b.
18
Let u(g) = -g**2 + 24*g - 30. Let i be (-1 - (-196)/10) + 30/75. Let a be u(i). Let h = -27 + a. What is the remainder when 225 is divided by h?
35
Suppose 12*z - 8*z - 100 = 0. Let l(i) = -5*i - 58. Calculate the remainder when z is divided by l(-14).
1
Suppose -66*m + 2008 = -566. Calculate the remainder when 464 is divided by m.
35
Suppose 47*d + 29478 = -4*d. Let x = 634 + d. Calculate the remainder when x is divided by 39.
17
Suppose 0 = -13*c + 8*c + 1360. Calculate the remainder when 98 is divided by ((-850)/c)/((-2)/16).
23
Suppose 31 = 5*l - 19. Suppose -m - 275 = -3*m - 3*g, 5*g - 25 = 0. Suppose 6*c - m = c. Calculate the remainder when c is divided by l.
6
Calculate the remainder when 8466/22 - 0 - ((-48)/(-33))/(-8) is divided by 148.
89
Let r = -2618 - -2683. Calculate the remainder when 841 is divided by r.
61
Suppose 0 = y, 18*y - 13*y = 3*a - 162. Calculate the remainder when 915 is divided by a.
51
What is the remainder when 772 is divided by 729129/2872 + (1/8)/1?
10
Let i(m) = -167*m + 5. Suppose 3*p + 10 = 2*t, -3*t = -3*p - 13 + 1. Calculate the remainder when i(p) is divided by 68.
67
Let w be (6/(-9))/2 - (-21973)/21. Let o = w - 1028. Calculate the remainder when 23 is divided by o.
5
Let f be 13692/(-168)*(-1 + -1). Let c = -95 + f. Calculate the remainder when 271 is divided by c.
67
Suppose -5*m + 1627 = -3*m - 3*l, 2*m - 5*l = 1637. Let p = m + -804. What is the remainder when 13 is divided by p?
1
Suppose 109*k + 37373 + 17385 = 527*k. What is the remainder when k is divided by (6/4)/(12/176)?
21
Let p(n) = -n**3 - 5*n**2 + 6*n + 88. What is the remainder when p(-12) is divided by 256?
0
Let u(b) = -1130*b + 8057. Calculate the remainder when 860 is divided by u(7).
125
Suppose z + 27*f = 23*f + 1265, 5046 = 4*z + 2*f. Suppose 38*r - z = 487. Calculate the remainder when r is divided by 13.
7
Suppose -359 = -4*d - u, d = -4*u + 176 - 75. What is the remainder when 5428 is divided by d?
88
Let h(a) = 7*a + 10. Calculate the remainder when (-5)/(30/(-436)) + 2/6 is divided by h(5).
28
Suppose -i + 2*x = -3*x + 49, -116 = 2*i - x. Let o = 106 + i. Let w = 21231 - 21045. What is the remainder when w is divided by o?
45
Let k = -11811 - -11930. Suppose 2*w + 20 = 82. Calculate the remainder when k is divided by w.
26
Let q(z) = z**3 + 6*z**2 - 28*z + 10. Let y be q(-8). Let i = -12 + y. Calculate the remainder when i is divided by 12.
10
Let i = 4581 - 4264. What is the remainder when i is divided by 90?
47
Suppose -2*k - 12 = 0, h - 3*k - 333 = 228. What is the remainder when h is divided by 417?
126
Let x(a) = 11*a**2 - 750*a - 28. Calculate the remainder when x(71) is divided by 13.
2
Let f = -2703 - -2712. Suppose -4*k - 156 = -6*k. What is the remainder when k is divided by f?
6
Suppose -3*k + 8 = -4*w, 3*w = -5*k - w + 56. Let u be (0 + 0)*4/k. Suppose -4*v + 0*v + 24 = u. What is the remainder when 34 is divided by v?
4
Let g(o) = -o. Let p(v) = -2*v. Let s(m) = -3*g(m) + p(m). Let q(u) = -15*u + 48. Let l(d) = q(d) + 18*s(d). What is the remainder when 39 is divided by l(-9)?
18
Let i = -15 + 19. Suppose 2*g - x = -i*x + 31, 0 = -g - 2*x + 15. Let z(c) = -45*c - 232. What is the remainder when z(-6) is divided by g?
4
Let t be 3 - (0 - 4)/(0 - 4). Suppose -r - 4*r + 5*g + 1040 = 0, t*g = 4*r - 828. What is the remainder when r is divided by 13?
11
Suppose 0 = -28*f + 26038 + 4510. Calculate the remainder when f is divided by 84.
83
Let h(b) = b**2 + 38*b + 224. Let o = -292 + 450. Calculate the remainder when o is divided by h(-6).
30
Suppose 0 = -4*o, -o + 6*o = 3*z - 717. Suppose -8*y + 425 = -z. Calculate the remainder when y is divided by 12.
11
Let q(b) be the second derivative of 11*b**3/6 - 3*b. Calculate the remainder when ((-6)/10)/((-21)/105) + 72 is divided by q(1).
9
Let l(u) = -2*u**2 + 134*u - 422. What is the remainder when l(60) is divided by 60?
58
Let t = 2350 - 2282. Calculate the remainder when t is divided by 62.
6
Let h be 424/(-24)*-3*2. Let x = 108 - h. Suppose -f = -4*g - 11, -x*g + 0*g = 4*f - 62. What is the remainder when f is divided by 2?
1
Suppose 1329*o - 1080 = 1309*o. Calculate the remainder when 212 is divided by o.
50
Let r = 40 - 34. Suppose -3*f = -f - r. Calculate the remainder when f is divided by 3.
0
Suppose 3*u = -5*t + 3*t + 21297, -2*t - 12 = 0. What is the remainder when u is divided by 74?
73
Let z(i) = 33*i**2 - 71. What is the remainder when z(7) is divided by 50?
46
Suppose 0 = -4*x - a + 10032, 19*x + 7541 = 22*x + 5*a. Calculate the remainder when x is divided by 157.
152
Let v(z) be the first derivative of -z**4/4 - 14*z**3/3 + z**2/2 + 38*z + 10. What is the remainder when -1*(2 - 1)*-71 is divided by v(-14)?
23
Suppose 342 = 3*m + 4*r, -42 = -m - 3*r + 72. Let p = 130 - m. Calculate the remainder when 190 is divided by p.
14
Let y = 25 + 56. Let r(t) = t + 46 - 48 + 4*t**2 + 0*t**2. Calculate the remainder when y is divided by r(-2).
9
Let h(f) = f**3 - 8*f**2 + 9*f + 30. Calculate the remainder when ((-6)/4 - 47313/(-42))*1 is divided by h(6).
9
Suppose 29*x + 2*x - 9269 = 0. Calculate the remainder when x is divided by 24.
11
Let g(f) = -2*f**3 + 2*f**2 - f - 5. Let s(c) = -2*c - 1. Let u be s(1). Let t be g(u). Let i = t - 31. What is the remainder when 155 is divided by i?
38
Let t = -83 + 85. Suppose 20 = -z + t*z. What is the remainder when 25 is divided by 2/4 + 150/z?
1
Let v(n) = n**3 - 18*n**2 + 15*n + 40. Let b be v(17). Calculate the remainder when (-1656)/(-14) + 14/(-49) is divided by 39/2 + 3/b.
18
Suppose 8 = -2*i + 44. Let l = -247 + 251. Suppose l*n = -4*o + 112, -8*o = -7*o - 4*n - 43. What is the remainder when o is divided by i?
13
Let u = -17729 - -18045. What is the remainder when u is divided by 6?
4
Suppose 0 = -y - 3*h + 3, -4*y - 53*h + 12 = -54*h. What is the remainder when ((-12)/(-7))/(-4) + (-432)/(-28) is divided by y?
0
Suppose -5*x + 5863 = -4*r, 5*x - 4005 = r + 1867. Let b be ((-6)/(-15))/(10/x). Suppose -51 = -f + b. Calculate the remainder when f is divided by 20.
18
Let z(m) = -3*m**3 - 34*m**2 + 123*m + 178. What is the remainder when z(-14) is divided by 2/(-8) + 49/4?
0
Suppose -4*o + 27 - 41 = -2*k, 3*k - 2*o = 21. What is the remainder when 754 is divided by k?
5
Let u be 10/(-10) - -1*(-174)/(-1). Let i = u + -146. What is the remainder when 188 is divided by i?
26
Suppose -3*q = 0, 3*d - 118 = q + 89. Let y(v) = v**3 + 3*v**2 - v + 6. Let t = -209 + 206. Calculate the remainder when d is divided by y(t).
6
Let o(g) = -32*g**2 - 94*g. Suppose 0 = -4*y + 2*x + 66, 2*x = -3*y + x + 62. What is the remainder when o(-1) is divided by y?
5
Suppose 71 = 2*c + 2*t - 181, -5*c + 2*t + 637 = 0. Calculate the remainder when 2025 is divided by c.
120
Suppose 5341 - 1788 = 209*b. Let d(u) = -8*u**3 - 4*u**2 - 4*u - 3. What is the remainder when d(-2) is divided by b?
2
Let i = -1043 + 2068. Calculate the remainder when i is divided by 22.
13
Let g = -92 - -77. Calculate the remainder when (-1)/(-2) + (-162)/(-4) is divided by (33/g)/(3/(-30)).
19
Suppose -141 = g - 123. What is the remainder when ((-10)/((-60)/g))/((-1)/11) is divided by 19?
14
Let r(x) = 17*x + 19. Let g be r(8). Suppose 0 = f - g - 92. Calc